1. Suppose 5*a + 4*p - 1987 = 5*p, -j*p = -4*a + 1592. What is the hundreds digit of a?
3
What is the ten thousands digit of 13293 - 12/((-120)/(-110))?
1
Suppose -4*s = -2*s - 2*b - 328, 2*s + b - 340 = 0. Suppose 12*u = 8*u + s. What is the hundreds digit of (-12)/u + (-1642)/(-14)?
1
Let t = 10204 - 2826. What is the tens digit of t?
7
Let p = 8022 - 4220. What is the tens digit of p?
0
Let y = -13 - -17. Let b = y - 16. What is the units digit of ((-4)/b)/(1/18)?
6
Let z = 46206 - 22930. What is the ten thousands digit of z?
2
Let b(p) = -5*p**3 - p**2 + 8*p - 12. Let d be b(-8). Suppose -d = 5*j - 16*j. What is the hundreds digit of j?
2
Let l be ((-39)/(-26))/((-9)/(-6)). Let k(m) = 171*m**3 + 2*m. What is the units digit of k(l)?
3
Suppose 585 = -42*d + 6717. Let w = d + -12. What is the hundreds digit of w?
1
Let r(h) = 45*h**2 + 13*h + 31. What is the ten thousands digit of r(-19)?
1
Let o(v) = 79*v + 12. Suppose 11*r + 9 - 53 = 0. What is the units digit of o(r)?
8
Let s = -2309 + 2310. Let k(x) = -2 + 0 + 68*x**2 + 3*x + 7*x**2. What is the units digit of k(s)?
6
Let n = 263610 + -184617. What is the ten thousands digit of n?
7
Let p be 19 - 24 - (-6 + -1). What is the units digit of (1016/16)/(1/p)?
7
Suppose 5*q - 25 + 0 = 0. Suppose 8 = -s - s, q*f - 5*s = 40. Suppose b + b + j - 282 = 0, j - 560 = -f*b. What is the tens digit of b?
3
Let v(r) = r**3 - 8*r**2 + 10*r - 13. Let q be v(7). Let h be (-56)/224 + -1*(-106)/q. Suppose h*u = 26*u - 1846. What is the units digit of u?
2
Let t = 19 + -16. Let v(g) = g**2 + g - 8. Let k be v(t). Suppose -4*w - k*b = -132, b - 172 = -5*w + 3*b. What is the units digit of w?
4
What is the hundreds digit of ((-186)/(-15) - 12)*19415?
7
Suppose 5*j - 3*h = 10823, -8*h + 2187 = j - 3*h. Let g = j - 1257. What is the units digit of g?
0
Let a be 167 + (9/3 - 7). Let s = -142 + a. What is the tens digit of s?
2
Let d be (-4)/(-12) + 10648/6. Suppose -6*l + 1771 = -d. What is the units digit of l?
1
Let g(j) = -j + 12. Let m be g(5). Suppose -5*v = -m - 3. Let h(s) = 18*s + 7. What is the units digit of h(v)?
3
Let m = -3241 + 8837. What is the units digit of m?
6
Suppose q = t - 6*t + 160661, t + q = 32129. What is the tens digit of t?
3
Let o = 1377 + 618. What is the tens digit of o?
9
Let w(t) = t + 1. Let y be w(1). Suppose y*b - 50 + 62 = 0. What is the tens digit of (2 - b)/(14/(-7)) + 192?
8
Let f(u) = -1429*u - 4012. What is the thousands digit of f(-37)?
8
Let r(h) = 44*h**2 - 568*h + 36. What is the thousands digit of r(-12)?
3
Let m = -866 - -467. What is the units digit of (-114)/m - 500/(-14)?
6
Let b be (-3)/6*(0 + -20552). Suppose -8*g = -36*g + b. What is the hundreds digit of g?
3
Let i = 6 + -2. Suppose -h - i = 2*o - 2*h, 4*o - 5*h = -20. Suppose 0*m + 83 = 4*m + z, o = 5*m + 4*z - 101. What is the tens digit of m?
2
Let a = -5315 - -11512. What is the hundreds digit of a?
1
Let k = 3316 + 816. What is the thousands digit of k?
4
Suppose -5*a - 834 = -3*a + 2*l, -2*a = 3*l + 838. Let x = a - -173. Let t = x + 356. What is the hundreds digit of t?
1
Let v be (9/2)/((-13)/(-936)). Let s = v - 40. What is the hundreds digit of s?
2
Let q(f) = -162*f + 8. Let p be q(2). Let o = p + 474. What is the tens digit of o?
5
Let h be (-3 - (-17)/5) + (-8924)/10. Let f = -592 - h. What is the tens digit of f?
0
Suppose -45259*d = -45255*d - 67392. What is the hundreds digit of d?
8
Let j = 1069 - 1812. Let k = 1240 + j. What is the units digit of k?
7
Let t(o) = 30*o + 16. Suppose 0*c = 3*c + 99. Let b = c - -38. What is the hundreds digit of t(b)?
1
Let h be (-1)/1 + 0*(-6)/36. Let o = 1 + -5. What is the tens digit of o + (h - 1*-170)?
6
Let v = 138 - 409. Let o be 2*2/(-12)*(4 + v). Suppose 3*z - o = 67. What is the units digit of z?
2
Suppose 10*t + 77 = -t. Let l(n) = 7*n + 3*n**2 - 2*n**2 - 6 - n. What is the units digit of l(t)?
1
Suppose 2*r = -6*r. Suppose r = 3*d + 3 - 0, 3*d - 3991 = -2*f. What is the thousands digit of f?
1
Suppose 6*x + 23 + 13 = 0. What is the units digit of (-4935)/x - (-29)/58?
3
Suppose 0 = 57*a - 1505780 - 860974. What is the ten thousands digit of a?
4
Let r = -73 + 73. Let o = r + 28. What is the tens digit of (-2)/8 - (-2751)/o?
9
Let k be 4/(-1)*(-33231)/(-132). Let f = -649 - k. What is the hundreds digit of f?
3
What is the units digit of 504/392 + (-365769)/(-7)?
4
Suppose 204*x = -84*x + 4253184. What is the tens digit of x?
6
Let m(v) = 3*v + 3*v - 41*v - 15*v + 1154. What is the hundreds digit of m(0)?
1
Let c = 112601 + -61150. What is the tens digit of c?
5
Let g(b) = 0*b + 15 + 5*b + 2*b - 19. Let r be g(2). What is the units digit of (r/(-8))/((-2)/56)?
5
Let i(f) be the third derivative of f**7/1260 + 23*f**6/720 - 29*f**5/60 - 22*f**2. Let n(y) be the third derivative of i(y). What is the tens digit of n(11)?
6
Let g(t) = -639*t**3 + t**2 + t - 1. Let q be g(1). Let u = q - -2014. What is the units digit of u?
6
Let k(y) = 1110*y - 925. What is the units digit of k(7)?
5
Let l be 2/4*0/3. Let q(i) = i**2 + 32*i + 268. Let x be q(-16). What is the units digit of (x/(l + 3))/(2/28)?
6
Suppose -2*v - 465469 = -3*g - 2*g, 3*g = 4*v + 279259. What is the units digit of g?
7
Let o be ((-4)/12)/(1/(-75)). Let l = o - 21. Suppose -l*q + 281 = 81. What is the tens digit of q?
5
Let t(p) = 3*p**2 + 95*p - 35. Let l be t(-32). Let q(i) = 12*i**2 - 10*i - 43. What is the tens digit of q(l)?
9
Let p = 46 - 29. Suppose 6*q - p + 5 = 0. Suppose 81 = 3*f - x + 3*x, -q*f - 3*x + 54 = 0. What is the tens digit of f?
2
Suppose -59*a + 215582 + 57293 = 0. What is the thousands digit of a?
4
Suppose 3*k - 441 + 101 = i, 1388 = -4*i + 5*k. Let y = -200 - i. What is the units digit of y?
2
Suppose 7965*m = 7980*m - 88995. What is the thousands digit of m?
5
Let n = -153579 - -231012. What is the units digit of n?
3
Let j(c) = -c**2 + 12*c + 159. Let b be j(20). What is the hundreds digit of (-8 - -33)/(-5) - 470/b?
4
Suppose 9*l = -6*l - 11520. Let i be (-4 - -12)/(-40) - l/(-10). Let t = i + 129. What is the tens digit of t?
5
Let a(y) = -y**3 + 4*y**2 + 9*y - 7. Let c be a(5). Let u(w) = -w**3 + 13*w**2 + w + 25. What is the tens digit of u(c)?
3
Suppose -c - 2*b + 13789 + 7752 = 0, 0 = -5*c + 3*b + 107744. What is the thousands digit of c?
1
Let c = -17003 - -35529. What is the tens digit of c?
2
Suppose 51*m + 46*m = 743422 + 511855. What is the ten thousands digit of m?
1
Let c(n) be the first derivative of n**4/4 - n**3/3 - 4*n**2 - 4*n + 2. Let x be c(4). What is the units digit of (x - (2 + 2))*4?
2
Suppose 5 - 10 = -4*k - 3*b, -2*b - 30 = -4*k. Suppose 0 = -5*l + 3*d - d + 2502, 2496 = k*l + 4*d. What is the hundreds digit of l?
5
What is the units digit of (14/(-42))/((-2)/129138)?
3
Let k = -5 - -20. Let n(g) = -12*g - 32. Let b be n(-8). Suppose k = f - b. What is the units digit of f?
9
Let x be 1 - ((-15)/(-3) - 23). Let z(p) be the third derivative of 3*p**4/8 + 29*p**3/3 - 10*p**2. What is the hundreds digit of z(x)?
2
Suppose -4*t + 2360 = -2*p, -3*t = -2*p - 787 - 982. Let y = t - 58. What is the tens digit of y?
3
What is the tens digit of (-266)/(-798) + (-110732)/(-3)?
1
Let f = 11634 - 5795. What is the thousands digit of f?
5
Let l(z) = 956*z**2 + 67*z - 190. What is the units digit of l(3)?
5
Let h be (2/(-4))/((-19)/(-114)). Let r(w) = -11*w**3 + 3*w**2 - 2*w + 4. What is the hundreds digit of r(h)?
3
Let l(c) = 52*c**3 - c**2 - 6*c + 20. Let i(t) = t**3 - 7*t**2 - 2*t + 17. Let b be i(7). What is the hundreds digit of l(b)?
3
What is the units digit of -153*26/(-4)*5/(25/20)?
8
Let i(v) = -664*v + 517. What is the units digit of i(-6)?
1
What is the ten thousands digit of (-15541)/(5/125*-23 + 12/(-150))?
1
Let k be ((-54)/(-8) + -6)*-228. Let d = 212 + k. What is the tens digit of d?
4
Suppose 51*r - 44*r = -392. Let w = 62 - r. What is the units digit of w?
8
Let v = 50 - 52. Let u(x) = -9*x**3 + 2*x**2 + 3*x + 3. Let l be u(v). Suppose g - l - 4 = 0. What is the units digit of g?
1
What is the units digit of 2/30 - (-43059778)/1830?
0
Suppose 2*y + 114*v - 110*v = 4306, 5*y - 4*v = 10821. What is the hundreds digit of y?
1
Suppose 53*z = -15670 + 192796. Suppose z = 3*u + 3*p, -u + 2*p = -343 - 777. What is the tens digit of u?
1
